-2*j**3 - 3*j**2 - 5. Let z be x(-4). Suppose 185 = 5*i - z. Suppose 2*s - i = -0*s. List the prime factors of s.
2, 13
Let z = 10612 - 7469. What are the prime factors of z?
7, 449
Let h(u) = -u**2 - 20*u - 7. Let b be -14 + (5 - (14 + -4)). List the prime factors of h(b).
2, 3
Suppose -98 = 14*b - 0. Let t(m) = -10*m - 24. What are the prime factors of t(b)?
2, 23
Let l(t) = 3*t**3 + 3*t**2 - 2*t + 2. Suppose 0 = -3*h + 15, 52 = -2*u + 5*h - h. Let p = u + 18. What are the prime factors of l(p)?
2, 17
Suppose -292*m + 286*m = -324. List the prime factors of m.
2, 3
Let c(d) = 2*d**3 + d**2 - 12*d + 21. What are the prime factors of c(4)?
3, 13
Let n(p) = 98*p + 46. List the prime factors of n(9).
2, 29
Let v be (-2)/6 - 231/9. What are the prime factors of (-314)/(-12) - (v/12)/(-13)?
2, 13
Let y = 1519 + -1050. What are the prime factors of y?
7, 67
Let k(u) = -4 - 7*u + 5*u + 4. Let p be k(-1). List the prime factors of (574/(-56))/(p/(-8)).
41
Suppose -3*w - 2 = 2*h, w + 12 = 4*h + 3*w. Suppose h*y = -0*y + 230. Suppose 64 + y = 5*o. List the prime factors of o.
2, 11
Let t(a) = -a**2 - 51*a + 264. What are the prime factors of t(-23)?
2, 227
Let a(r) = r**3 + 12*r**2 + 14*r + 6. Let q be a(-11). Let n(c) = -7*c - 54. List the prime factors of n(q).
3, 5
Let u(o) = 495*o**2 + 42*o - 149. What are the prime factors of u(3)?
2, 277
Let n(g) = -g**3 - 7*g**2 - 9*g - 2. Suppose -4*m - s = -39 - 48, -5*s - 48 = -m. Suppose 4*i + 1 = -m. What are the prime factors of n(i)?
2
Suppose -2*z - 607 = -5*y - 83, 0 = y - 2*z - 100. What are the prime factors of y?
2, 53
Let l(q) = -q**3 + 9*q**2 - 6*q + 16. What are the prime factors of l(5)?
2, 43
Let a(b) = 73*b**2 + 103*b - 693. What are the prime factors of a(7)?
5, 7, 103
List the prime factors of ((-75)/(-6))/((-3)/(-726)).
5, 11
What are the prime factors of 683 - -4*12/6?
691
Suppose -10*t + 18*t = 6864. List the prime factors of t.
2, 3, 11, 13
Suppose 2*b + i = 2739, 0 = 4*b + 18*i - 14*i - 5480. List the prime factors of b.
37
Let t(r) = -56*r**3 - r**2 - r - 1. Let l be t(-1). Let o = l - -4. List the prime factors of o.
59
What are the prime factors of 14/2 + -10 + 12 + 3090?
3, 1033
Let f = -637 - -1483. List the prime factors of f.
2, 3, 47
Let d = 199 - 60. List the prime factors of d.
139
Let z(t) = -5 + 0*t - t + 0*t - t**3 + 12*t**2. What are the prime factors of z(11)?
3, 5, 7
Suppose -v = z - 740, 13*z - 9*z = -v + 734. What are the prime factors of v?
2, 7, 53
What are the prime factors of (-7 + 724/28)*(-98)/(-4)?
2, 3, 7, 11
Let u be (1 + -3)/((-2)/128). Suppose -2*i + 4*z + u = 16, 5*z = 5. Suppose 48 = 2*w - r, 0 = 3*w + 6*r - 4*r - i. What are the prime factors of w?
2, 11
Let y(k) = -5*k**2 + 8*k + 11. Let h be y(-5). What are the prime factors of (h/(-3))/((-3)/(-18))?
2, 7, 11
Suppose 1264 = 12*g - 2060. List the prime factors of g.
277
Let l(v) = v + 33. Let t be l(0). Suppose 5 = f - 0. Suppose f = -4*q + t. What are the prime factors of q?
7
Suppose u - 145 = -4*r, -4*r - u + 133 = 4*u. Let t = r + -3. What are the prime factors of t?
2, 17
Suppose 10*d + 4737 = 4*x + 15*d, 5*x = -d + 5937. List the prime factors of x.
2, 3, 11
Let t(x) = x - 5. Let p be t(0). Let i be ((-28)/p)/((-3)/30). Let k = i - -79. What are the prime factors of k?
23
Let g be 12/(-1)*(-1)/4. Suppose -2*u + 2*d = 6*d - 22, -g*u - 4*d = -43. What are the prime factors of u?
3, 7
Let r(j) = -99*j + 56. List the prime factors of r(-4).
2, 113
Suppose -5*x = 3*o - 3144, 3*x - o = -212 + 2090. List the prime factors of x.
3, 11, 19
Let l be 592/20 + 4/10. Suppose p - l = -0*p. What are the prime factors of p?
2, 3, 5
Let v(u) = -61*u + 1. Let b be v(-11). Suppose -12*f + 4*f = b. What are the prime factors of (-4)/(-14) + (-3252)/f?
3, 13
Let a = 27 - 18. What are the prime factors of ((6/a)/((-6)/(-108)))/2?
2, 3
Let d = 2851 + -1285. List the prime factors of d.
2, 3, 29
Suppose r - 2*p = 1335, 3*r = -2*p + 1912 + 2101. What are the prime factors of r?
7, 191
Let b(u) = -20*u**3 + 152*u**3 - 1 + u**2 + 0*u**3. Let f be b(1). Let n = -94 + f. List the prime factors of n.
2, 19
Let y = -15 - -14. List the prime factors of y + 5/7 + 1497/21.
71
Let n = 8361 - 4606. List the prime factors of n.
5, 751
Let r = -426 - -633. Let d = 291 - r. Suppose 0 = 4*u - u - d. What are the prime factors of u?
2, 7
Let k = -63 - 99. Let b = 239 + k. List the prime factors of b.
7, 11
Let n(x) = -9. Let b(y) = y + 17. Let j(s) = 3*b(s) + 7*n(s). What are the prime factors of j(6)?
2, 3
Let h be (-156)/(-96) - 6/(-16). Let w(g) = 17*g - g**2 - 4*g - 21 + h*g**2. List the prime factors of w(-15).
3
Suppose -13*n + 4336 = -2853. What are the prime factors of n?
7, 79
What are the prime factors of (-6 - 1) + 5426 + 13?
2, 7, 97
List the prime factors of (4938/24 - -2)/((-9)/(-24)).
2, 277
Let x(k) = 313*k - 3. Let o be x(-3). Let m be o/(-10) - (-24)/(-120). Let w = m + -52. What are the prime factors of w?
2, 3, 7
What are the prime factors of ((586 - 8) + 6)*1/2?
2, 73
Let c = 118 - 24. What are the prime factors of c?
2, 47
Suppose -4*n + 25536 = 3*n. What are the prime factors of n?
2, 3, 19
Suppose -3*k - 48 = -5*a, -4*a + 5*k + 24 = -4. Let x(t) = -t**3 - 4*t + 11*t + 11*t**2 - 12 + 1 + 9*t. List the prime factors of x(a).
37
Let f(w) = -w**3 + 8*w**2 - 7*w + 2. Let y be 2/(-6) + 1220/60. Let l be y/(-35)*63/(-6). List the prime factors of f(l).
2
Let j(n) = n - 5. Let p be j(12). Let f(a) = -6*a + 2*a + p - 4*a - a**2 + 3*a. List the prime factors of f(-5).
7
Let f(m) = m**2 - 10*m - 11. Suppose -3*b = -c - 0*b + 18, 3*b = 0. What are the prime factors of f(c)?
7, 19
Let r = 477 - -622. List the prime factors of r.
7, 157
Let g be (1 - 3)*(-2)/(-4) + 3. Suppose 3*c - 5*q = -6*q + 10, -3*c = 3*q. Suppose g*m + c*w = -m + 10, -2 = 2*w. What are the prime factors of m?
5
Suppose 3*r + 4459 = 5*y + 351, 0 = 2*y + r - 1652. Suppose 0 = 4*i - y + 280. List the prime factors of i.
2, 17
Suppose 4*q = -3*p + 3313, 2*p + 159*q - 2203 = 162*q. What are the prime factors of p?
1103
Suppose -4 = -l - 9. Let t(s) = -s**3 - 4*s**2 - 3*s + 6. List the prime factors of t(l).
2, 23
Suppose -k - 1 = -3. Suppose 2*l + k*l + 2*o = 184, 5*l = 3*o + 252. List the prime factors of l.
2, 3
Suppose -2 = -v + 3*v. Let q(y) = -17*y + 7. Let j(m) = -17*m + 6. Let w(x) = 5*j(x) - 4*q(x). What are the prime factors of w(v)?
19
Let n(c) = c + 7. Let j be n(3). Suppose -j*u - 4*u + 448 = 0. What are the prime factors of u?
2
Let s(w) = -w + 1. Let k be s(6). Let v = k + -1. List the prime factors of 2/v + 158/6.
2, 13
Suppose -3*y = 3*y - 60. What are the prime factors of 4565/25 + (-6)/y?
2, 7, 13
Suppose 2*r = -8, -2*q + 286 = -8*r + 6*r. List the prime factors of q.
139
Suppose -4*t - 2*d + 9358 = 0, -6*t + 9373 = -2*t - d. What are the prime factors of t?
2, 1171
Suppose -2*g - 12 = -208. Suppose 4*i = u - 51, -4*i = 3*u - 5*u + g. List the prime factors of u.
47
Let f(b) = b**3 + 28*b**2 - 12*b - 19. List the prime factors of f(-28).
317
Let h(a) = 48*a**2 + 1. Let u be h(1). Let z = u - 39. What are the prime factors of z?
2, 5
Suppose x + 3*l = 13, 3*x = -l + 46 - 15. Suppose 15*a - 16*a = -x. What are the prime factors of a?
2, 5
Let r = -97 - -105. List the prime factors of ((-14)/r*58)/((-19)/38).
7, 29
Suppose 4*b + t = 15, 0 = -t + 3 - 0. Suppose n - b*l - 2*l + 2 = 0, 29 = -4*n - l. Let d = n + 13. What are the prime factors of d?
2, 3
Let p(h) = -h**3 + 3*h**2 + 22*h + 117. List the prime factors of p(-8).
3, 5, 43
Let j(i) = i**2 - 3*i + 10. Let p = 10 + -2. Let u be j(p). Suppose o = -o + u. List the prime factors of o.
5
Suppose -19*k + 21*k - 3*d = 311, -3*k + 465 = -3*d. What are the prime factors of k?
2, 7, 11
Let h be 4/22 - (-2)/(-11). Let r(d) = -d + 49. What are the prime factors of r(h)?
7
Let z(h) = h**2 + 2*h - 14. Let g(l) = l**3 - 18*l**2 + 16*l + 8. Let v be (-17*2)/2*-1. Let m be g(v). What are the prime factors of z(m)?
7
Suppose -4*k - 204 = -2*y, -21*k + 444 = 4*y - 17*k. List the prime factors of y.
2, 3
Let t(k) = -k**3 - 7*k**2 - 6*k - 9. Let g be t(-6). Let d = -5 - g. Suppose -d*n - 23 = -155. What are the prime factors of n?
3, 11
Let b(k) = 3*k - 7. Let q be b(5). Suppose -c + 10 = 3*a, 4*a - 2*a - q